{"id":266,"date":"2026-04-11T19:13:50","date_gmt":"2026-04-11T19:13:50","guid":{"rendered":"https:\/\/gonvel.net\/?page_id=266"},"modified":"2026-04-11T19:13:51","modified_gmt":"2026-04-11T19:13:51","slug":"fernando-ramos-jimenez-cv","status":"publish","type":"page","link":"https:\/\/gonvel.net\/index.php\/fernando-ramos-jimenez-cv\/","title":{"rendered":"Fernando Ramos Jim\u00e9nez &#8211; CV"},"content":{"rendered":"<div style=\"max-width: 900px; margin: auto; font-family: system-ui; background: #fdfdff; padding: 20px;\">\n<div style=\"background: linear-gradient(135deg,#d7f0ff,#ffe1f0,#e9ffe7); padding: 30px; border-radius: 20px; display: flex; gap: 20px; align-items: center;\"><img decoding=\"async\" style=\"width: 120px; height: 120px; border-radius: 50%; object-fit: cover; border: 4px solid #fff;\" src=\"https:\/\/gonvel.net\/wp-content\/uploads\/2026\/04\/fernando4.jpg\" \/><\/p>\n<div>\n<h1 style=\"margin: 0; font-size: 32px;\">Fernando Ramos Jim\u00e9nez<\/h1>\n<p style=\"margin: 5px 0; font-weight: 600;\">Licenciado en Derecho<\/p>\n<p style=\"margin: 5px 0;\">\ud83d\udce7 fernando.ramos@gonvel.net<\/p>\n<\/div>\n<\/div>\n<div style=\"background: #fff; margin-top: 20px; padding: 25px; border-radius: 18px;\">\n<h2>Formaci\u00f3n y Experiencia<\/h2>\n<ul>\n<li>Abogado del \u00c1rea de Derecho Inmobiliario y Mercantil de la Firma Gonvel Abogados y Asesores Tributarios.<\/li>\n<li>Especialidad en Derecho Inmobiliario, Derecho Urban\u00edstico y Derecho Mercantil.<\/li>\n<li>Graduado en Derecho por la Universidad de M\u00e1laga.<\/li>\n<li>MBA Inmobiliario por la escuela de negocios REBS (Real Estate Business School).<\/li>\n<li>Curso de Urbanismo y Desarrollo Inmobiliario organizado por el Instituto de Estudios de Urbanismo (FYDU), en colaboraci\u00f3n con el Excmo. Ayuntamiento de Marbella y la Universidad CEU San Pablo.<\/li>\n<li>Idioma nativo: Espa\u00f1ol; Idiomas secundarios: Ingl\u00e9s fluido tanto en expresi\u00f3n oral como escrita.<\/li>\n<li>4 a\u00f1os de experiencia en materia jur\u00eddica.<\/li>\n<\/ul>\n<\/div>\n<\/div>\n","protected":false},"excerpt":{"rendered":"<p>Fernando Ramos Jim\u00e9nez Licenciado en Derecho \ud83d\udce7 fernando.ramos@gonvel.net Formaci\u00f3n y Experiencia Abogado del \u00c1rea de Derecho Inmobiliario y Mercantil de la Firma Gonvel Abogados y Asesores Tributarios. Especialidad en Derecho Inmobiliario, Derecho Urban\u00edstico y Derecho Mercantil. Graduado en Derecho por la Universidad de M\u00e1laga. MBA Inmobiliario por la escuela de negocios REBS (Real Estate Business [&hellip;]<\/p>\n","protected":false},"author":1,"featured_media":0,"parent":0,"menu_order":0,"comment_status":"closed","ping_status":"closed","template":"","meta":{"_themeisle_gutenberg_block_has_review":false,"footnotes":""},"class_list":["post-266","page","type-page","status-publish","hentry"],"yoast_head":"<!-- This site is optimized with the Yoast SEO plugin v27.5 - https:\/\/yoast.com\/product\/yoast-seo-wordpress\/ -->\n<title>Fernando Ramos Jim\u00e9nez - CV - GONVEL Abogados y Asesores Tributarios<\/title>\n<meta name=\"robots\" content=\"index, follow, max-snippet:-1, max-image-preview:large, max-video-preview:-1\" \/>\n<link rel=\"canonical\" href=\"https:\/\/gonvel.net\/index.php\/fernando-ramos-jimenez-cv\/\" \/>\n<meta property=\"og:locale\" content=\"es_ES\" \/>\n<meta property=\"og:type\" content=\"article\" \/>\n<meta property=\"og:title\" content=\"Fernando Ramos Jim\u00e9nez - CV - GONVEL Abogados y Asesores Tributarios\" \/>\n<meta property=\"og:description\" content=\"Fernando Ramos Jim\u00e9nez Licenciado en Derecho \ud83d\udce7 fernando.ramos@gonvel.net Formaci\u00f3n y Experiencia Abogado del \u00c1rea de Derecho Inmobiliario y Mercantil de la Firma Gonvel Abogados y Asesores Tributarios. Especialidad en Derecho Inmobiliario, Derecho Urban\u00edstico y Derecho Mercantil. Graduado en Derecho por la Universidad de M\u00e1laga. MBA Inmobiliario por la escuela de negocios REBS (Real Estate Business [&hellip;]\" \/>\n<meta property=\"og:url\" content=\"https:\/\/gonvel.net\/index.php\/fernando-ramos-jimenez-cv\/\" \/>\n<meta property=\"og:site_name\" content=\"GONVEL Abogados y Asesores Tributarios\" \/>\n<meta property=\"article:modified_time\" content=\"2026-04-11T19:13:51+00:00\" \/>\n<meta property=\"og:image\" content=\"https:\/\/gonvel.net\/wp-content\/uploads\/2026\/04\/fernando4.jpg\" \/>\n<meta name=\"twitter:card\" content=\"summary_large_image\" \/>\n<meta name=\"twitter:label1\" content=\"Tiempo de lectura\" \/>\n\t<meta name=\"twitter:data1\" content=\"1 minuto\" \/>\n<script type=\"application\/ld+json\" class=\"yoast-schema-graph\">{\"@context\":\"https:\\\/\\\/schema.org\",\"@graph\":[{\"@type\":\"WebPage\",\"@id\":\"https:\\\/\\\/gonvel.net\\\/index.php\\\/fernando-ramos-jimenez-cv\\\/\",\"url\":\"https:\\\/\\\/gonvel.net\\\/index.php\\\/fernando-ramos-jimenez-cv\\\/\",\"name\":\"Fernando Ramos Jim\u00e9nez - CV - GONVEL Abogados y Asesores Tributarios\",\"isPartOf\":{\"@id\":\"https:\\\/\\\/gonvel.net\\\/#website\"},\"primaryImageOfPage\":{\"@id\":\"https:\\\/\\\/gonvel.net\\\/index.php\\\/fernando-ramos-jimenez-cv\\\/#primaryimage\"},\"image\":{\"@id\":\"https:\\\/\\\/gonvel.net\\\/index.php\\\/fernando-ramos-jimenez-cv\\\/#primaryimage\"},\"thumbnailUrl\":\"https:\\\/\\\/gonvel.net\\\/wp-content\\\/uploads\\\/2026\\\/04\\\/fernando4.jpg\",\"datePublished\":\"2026-04-11T19:13:50+00:00\",\"dateModified\":\"2026-04-11T19:13:51+00:00\",\"breadcrumb\":{\"@id\":\"https:\\\/\\\/gonvel.net\\\/index.php\\\/fernando-ramos-jimenez-cv\\\/#breadcrumb\"},\"inLanguage\":\"es\",\"potentialAction\":[{\"@type\":\"ReadAction\",\"target\":[\"https:\\\/\\\/gonvel.net\\\/index.php\\\/fernando-ramos-jimenez-cv\\\/\"]}]},{\"@type\":\"ImageObject\",\"inLanguage\":\"es\",\"@id\":\"https:\\\/\\\/gonvel.net\\\/index.php\\\/fernando-ramos-jimenez-cv\\\/#primaryimage\",\"url\":\"https:\\\/\\\/gonvel.net\\\/wp-content\\\/uploads\\\/2026\\\/04\\\/fernando4.jpg\",\"contentUrl\":\"https:\\\/\\\/gonvel.net\\\/wp-content\\\/uploads\\\/2026\\\/04\\\/fernando4.jpg\",\"width\":1772,\"height\":2362},{\"@type\":\"BreadcrumbList\",\"@id\":\"https:\\\/\\\/gonvel.net\\\/index.php\\\/fernando-ramos-jimenez-cv\\\/#breadcrumb\",\"itemListElement\":[{\"@type\":\"ListItem\",\"position\":1,\"name\":\"Portada\",\"item\":\"https:\\\/\\\/gonvel.net\\\/\"},{\"@type\":\"ListItem\",\"position\":2,\"name\":\"Fernando Ramos Jim\u00e9nez &#8211; CV\"}]},{\"@type\":\"WebSite\",\"@id\":\"https:\\\/\\\/gonvel.net\\\/#website\",\"url\":\"https:\\\/\\\/gonvel.net\\\/\",\"name\":\"GONVEL Abogados y Asesores Tributarios\",\"description\":\"\",\"publisher\":{\"@id\":\"https:\\\/\\\/gonvel.net\\\/#organization\"},\"potentialAction\":[{\"@type\":\"SearchAction\",\"target\":{\"@type\":\"EntryPoint\",\"urlTemplate\":\"https:\\\/\\\/gonvel.net\\\/?s={search_term_string}\"},\"query-input\":{\"@type\":\"PropertyValueSpecification\",\"valueRequired\":true,\"valueName\":\"search_term_string\"}}],\"inLanguage\":\"es\"},{\"@type\":\"Organization\",\"@id\":\"https:\\\/\\\/gonvel.net\\\/#organization\",\"name\":\"GONVEL Abogados y Asesores Tributarios\",\"url\":\"https:\\\/\\\/gonvel.net\\\/\",\"logo\":{\"@type\":\"ImageObject\",\"inLanguage\":\"es\",\"@id\":\"https:\\\/\\\/gonvel.net\\\/#\\\/schema\\\/logo\\\/image\\\/\",\"url\":\"https:\\\/\\\/gonvel.net\\\/wp-content\\\/uploads\\\/2026\\\/01\\\/logo-inicio.jpg\",\"contentUrl\":\"https:\\\/\\\/gonvel.net\\\/wp-content\\\/uploads\\\/2026\\\/01\\\/logo-inicio.jpg\",\"width\":449,\"height\":305,\"caption\":\"GONVEL Abogados y Asesores Tributarios\"},\"image\":{\"@id\":\"https:\\\/\\\/gonvel.net\\\/#\\\/schema\\\/logo\\\/image\\\/\"}}]}<\/script>\n<!-- \/ Yoast SEO plugin. -->","yoast_head_json":{"title":"Fernando Ramos Jim\u00e9nez - CV - GONVEL Abogados y Asesores Tributarios","robots":{"index":"index","follow":"follow","max-snippet":"max-snippet:-1","max-image-preview":"max-image-preview:large","max-video-preview":"max-video-preview:-1"},"canonical":"https:\/\/gonvel.net\/index.php\/fernando-ramos-jimenez-cv\/","og_locale":"es_ES","og_type":"article","og_title":"Fernando Ramos Jim\u00e9nez - CV - GONVEL Abogados y Asesores Tributarios","og_description":"Fernando Ramos Jim\u00e9nez Licenciado en Derecho \ud83d\udce7 fernando.ramos@gonvel.net Formaci\u00f3n y Experiencia Abogado del \u00c1rea de Derecho Inmobiliario y Mercantil de la Firma Gonvel Abogados y Asesores Tributarios. Especialidad en Derecho Inmobiliario, Derecho Urban\u00edstico y Derecho Mercantil. Graduado en Derecho por la Universidad de M\u00e1laga. MBA Inmobiliario por la escuela de negocios REBS (Real Estate Business [&hellip;]","og_url":"https:\/\/gonvel.net\/index.php\/fernando-ramos-jimenez-cv\/","og_site_name":"GONVEL Abogados y Asesores Tributarios","article_modified_time":"2026-04-11T19:13:51+00:00","og_image":[{"url":"https:\/\/gonvel.net\/wp-content\/uploads\/2026\/04\/fernando4.jpg","type":"","width":"","height":""}],"twitter_card":"summary_large_image","twitter_misc":{"Tiempo de lectura":"1 minuto"},"schema":{"@context":"https:\/\/schema.org","@graph":[{"@type":"WebPage","@id":"https:\/\/gonvel.net\/index.php\/fernando-ramos-jimenez-cv\/","url":"https:\/\/gonvel.net\/index.php\/fernando-ramos-jimenez-cv\/","name":"Fernando Ramos Jim\u00e9nez - CV - GONVEL Abogados y Asesores Tributarios","isPartOf":{"@id":"https:\/\/gonvel.net\/#website"},"primaryImageOfPage":{"@id":"https:\/\/gonvel.net\/index.php\/fernando-ramos-jimenez-cv\/#primaryimage"},"image":{"@id":"https:\/\/gonvel.net\/index.php\/fernando-ramos-jimenez-cv\/#primaryimage"},"thumbnailUrl":"https:\/\/gonvel.net\/wp-content\/uploads\/2026\/04\/fernando4.jpg","datePublished":"2026-04-11T19:13:50+00:00","dateModified":"2026-04-11T19:13:51+00:00","breadcrumb":{"@id":"https:\/\/gonvel.net\/index.php\/fernando-ramos-jimenez-cv\/#breadcrumb"},"inLanguage":"es","potentialAction":[{"@type":"ReadAction","target":["https:\/\/gonvel.net\/index.php\/fernando-ramos-jimenez-cv\/"]}]},{"@type":"ImageObject","inLanguage":"es","@id":"https:\/\/gonvel.net\/index.php\/fernando-ramos-jimenez-cv\/#primaryimage","url":"https:\/\/gonvel.net\/wp-content\/uploads\/2026\/04\/fernando4.jpg","contentUrl":"https:\/\/gonvel.net\/wp-content\/uploads\/2026\/04\/fernando4.jpg","width":1772,"height":2362},{"@type":"BreadcrumbList","@id":"https:\/\/gonvel.net\/index.php\/fernando-ramos-jimenez-cv\/#breadcrumb","itemListElement":[{"@type":"ListItem","position":1,"name":"Portada","item":"https:\/\/gonvel.net\/"},{"@type":"ListItem","position":2,"name":"Fernando Ramos Jim\u00e9nez &#8211; CV"}]},{"@type":"WebSite","@id":"https:\/\/gonvel.net\/#website","url":"https:\/\/gonvel.net\/","name":"GONVEL Abogados y Asesores Tributarios","description":"","publisher":{"@id":"https:\/\/gonvel.net\/#organization"},"potentialAction":[{"@type":"SearchAction","target":{"@type":"EntryPoint","urlTemplate":"https:\/\/gonvel.net\/?s={search_term_string}"},"query-input":{"@type":"PropertyValueSpecification","valueRequired":true,"valueName":"search_term_string"}}],"inLanguage":"es"},{"@type":"Organization","@id":"https:\/\/gonvel.net\/#organization","name":"GONVEL Abogados y Asesores Tributarios","url":"https:\/\/gonvel.net\/","logo":{"@type":"ImageObject","inLanguage":"es","@id":"https:\/\/gonvel.net\/#\/schema\/logo\/image\/","url":"https:\/\/gonvel.net\/wp-content\/uploads\/2026\/01\/logo-inicio.jpg","contentUrl":"https:\/\/gonvel.net\/wp-content\/uploads\/2026\/01\/logo-inicio.jpg","width":449,"height":305,"caption":"GONVEL Abogados y Asesores Tributarios"},"image":{"@id":"https:\/\/gonvel.net\/#\/schema\/logo\/image\/"}}]}},"_links":{"self":[{"href":"https:\/\/gonvel.net\/index.php\/wp-json\/wp\/v2\/pages\/266","targetHints":{"allow":["GET"]}}],"collection":[{"href":"https:\/\/gonvel.net\/index.php\/wp-json\/wp\/v2\/pages"}],"about":[{"href":"https:\/\/gonvel.net\/index.php\/wp-json\/wp\/v2\/types\/page"}],"author":[{"embeddable":true,"href":"https:\/\/gonvel.net\/index.php\/wp-json\/wp\/v2\/users\/1"}],"replies":[{"embeddable":true,"href":"https:\/\/gonvel.net\/index.php\/wp-json\/wp\/v2\/comments?post=266"}],"version-history":[{"count":1,"href":"https:\/\/gonvel.net\/index.php\/wp-json\/wp\/v2\/pages\/266\/revisions"}],"predecessor-version":[{"id":267,"href":"https:\/\/gonvel.net\/index.php\/wp-json\/wp\/v2\/pages\/266\/revisions\/267"}],"wp:attachment":[{"href":"https:\/\/gonvel.net\/index.php\/wp-json\/wp\/v2\/media?parent=266"}],"curies":[{"name":"wp","href":"https:\/\/api.w.org\/{rel}","templated":true}]}}

Fernando Ramos Jiménez &#8211; CV

<div style="max-width: 900px; margin: auto; font-family: system-ui; background: #fdfdff; padding: 20px;">
<div style="background: linear-gradient(135deg,#d7f0ff,#ffe1f0,#e9ffe7); padding: 30px; border-radius: 20px; display: flex; gap: 20px; align-items: center;"><img decoding="async" style="width: 120px; height: 120px; border-radius: 50%; object-fit: cover; border: 4px solid #fff;" src="https://gonvel.net/wp-content/uploads/2026/04/fernando4.jpg" /></p>
<div>
<h1 style="margin: 0; font-size: 32px;">Fernando Ramos Jiménez</h1>
<p style="margin: 5px 0; font-weight: 600;">Licenciado en Derecho</p>
<p style="margin: 5px 0;">📧 fernando.ramos@gonvel.net</p>
</div>
</div>
<div style="background: #fff; margin-top: 20px; padding: 25px; border-radius: 18px;">
<h2>Formación y Experiencia</h2>
<ul>
<li>Abogado del Área de Derecho Inmobiliario y Mercantil de la Firma Gonvel Abogados y Asesores Tributarios.</li>
<li>Especialidad en Derecho Inmobiliario, Derecho Urbanístico y Derecho Mercantil.</li>
<li>Graduado en Derecho por la Universidad de Málaga.</li>
<li>MBA Inmobiliario por la escuela de negocios REBS (Real Estate Business School).</li>
<li>Curso de Urbanismo y Desarrollo Inmobiliario organizado por el Instituto de Estudios de Urbanismo (FYDU), en colaboración con el Excmo. Ayuntamiento de Marbella y la Universidad CEU San Pablo.</li>
<li>Idioma nativo: Español; Idiomas secundarios: Inglés fluido tanto en expresión oral como escrita.</li>
<li>4 años de experiencia en materia jurídica.</li>
</ul>
</div>
</div>

<p>Fernando Ramos Jiménez Licenciado en Derecho 📧 fernando.ramos@gonvel.net Formación y Experiencia Abogado del Área de Derecho Inmobiliario y Mercantil de la Firma Gonvel Abogados y Asesores Tributarios. Especialidad en Derecho Inmobiliario, Derecho Urbanístico y Derecho Mercantil. Graduado en Derecho por la Universidad de Málaga. MBA Inmobiliario por la escuela de negocios REBS (Real Estate Business [&hellip;]</p>

<!-- This site is optimized with the Yoast SEO plugin v27.5 - https://yoast.com/product/yoast-seo-wordpress/ -->
<title>Fernando Ramos Jiménez - CV - GONVEL Abogados y Asesores Tributarios</title>
<meta name="robots" content="index, follow, max-snippet:-1, max-image-preview:large, max-video-preview:-1" />
<link rel="canonical" href="https://gonvel.net/index.php/fernando-ramos-jimenez-cv/" />
<meta property="og:locale" content="es_ES" />
<meta property="og:type" content="article" />
<meta property="og:title" content="Fernando Ramos Jiménez - CV - GONVEL Abogados y Asesores Tributarios" />
<meta property="og:description" content="Fernando Ramos Jiménez Licenciado en Derecho 📧 fernando.ramos@gonvel.net Formación y Experiencia Abogado del Área de Derecho Inmobiliario y Mercantil de la Firma Gonvel Abogados y Asesores Tributarios. Especialidad en Derecho Inmobiliario, Derecho Urbanístico y Derecho Mercantil. Graduado en Derecho por la Universidad de Málaga. MBA Inmobiliario por la escuela de negocios REBS (Real Estate Business [&hellip;]" />
<meta property="og:url" content="https://gonvel.net/index.php/fernando-ramos-jimenez-cv/" />
<meta property="og:site_name" content="GONVEL Abogados y Asesores Tributarios" />
<meta property="article:modified_time" content="2026-04-11T19:13:51+00:00" />
<meta property="og:image" content="https://gonvel.net/wp-content/uploads/2026/04/fernando4.jpg" />
<meta name="twitter:card" content="summary_large_image" />
<meta name="twitter:label1" content="Tiempo de lectura" />
	<meta name="twitter:data1" content="1 minuto" />
<script type="application/ld+json" class="yoast-schema-graph">{"@context":"https:\/\/schema.org","@graph":[{"@type":"WebPage","@id":"https:\/\/gonvel.net\/index.php\/fernando-ramos-jimenez-cv\/","url":"https:\/\/gonvel.net\/index.php\/fernando-ramos-jimenez-cv\/","name":"Fernando Ramos Jiménez - CV - GONVEL Abogados y Asesores Tributarios","isPartOf":{"@id":"https:\/\/gonvel.net\/#website"},"primaryImageOfPage":{"@id":"https:\/\/gonvel.net\/index.php\/fernando-ramos-jimenez-cv\/#primaryimage"},"image":{"@id":"https:\/\/gonvel.net\/index.php\/fernando-ramos-jimenez-cv\/#primaryimage"},"thumbnailUrl":"https:\/\/gonvel.net\/wp-content\/uploads\/2026\/04\/fernando4.jpg","datePublished":"2026-04-11T19:13:50+00:00","dateModified":"2026-04-11T19:13:51+00:00","breadcrumb":{"@id":"https:\/\/gonvel.net\/index.php\/fernando-ramos-jimenez-cv\/#breadcrumb"},"inLanguage":"es","potentialAction":[{"@type":"ReadAction","target":["https:\/\/gonvel.net\/index.php\/fernando-ramos-jimenez-cv\/"]}]},{"@type":"ImageObject","inLanguage":"es","@id":"https:\/\/gonvel.net\/index.php\/fernando-ramos-jimenez-cv\/#primaryimage","url":"https:\/\/gonvel.net\/wp-content\/uploads\/2026\/04\/fernando4.jpg","contentUrl":"https:\/\/gonvel.net\/wp-content\/uploads\/2026\/04\/fernando4.jpg","width":1772,"height":2362},{"@type":"BreadcrumbList","@id":"https:\/\/gonvel.net\/index.php\/fernando-ramos-jimenez-cv\/#breadcrumb","itemListElement":[{"@type":"ListItem","position":1,"name":"Portada","item":"https:\/\/gonvel.net\/"},{"@type":"ListItem","position":2,"name":"Fernando Ramos Jiménez &#8211; CV"}]},{"@type":"WebSite","@id":"https:\/\/gonvel.net\/#website","url":"https:\/\/gonvel.net\/","name":"GONVEL Abogados y Asesores Tributarios","description":"","publisher":{"@id":"https:\/\/gonvel.net\/#organization"},"potentialAction":[{"@type":"SearchAction","target":{"@type":"EntryPoint","urlTemplate":"https:\/\/gonvel.net\/?s={search_term_string}"},"query-input":{"@type":"PropertyValueSpecification","valueRequired":true,"valueName":"search_term_string"}}],"inLanguage":"es"},{"@type":"Organization","@id":"https:\/\/gonvel.net\/#organization","name":"GONVEL Abogados y Asesores Tributarios","url":"https:\/\/gonvel.net\/","logo":{"@type":"ImageObject","inLanguage":"es","@id":"https:\/\/gonvel.net\/#\/schema\/logo\/image\/","url":"https:\/\/gonvel.net\/wp-content\/uploads\/2026\/01\/logo-inicio.jpg","contentUrl":"https:\/\/gonvel.net\/wp-content\/uploads\/2026\/01\/logo-inicio.jpg","width":449,"height":305,"caption":"GONVEL Abogados y Asesores Tributarios"},"image":{"@id":"https:\/\/gonvel.net\/#\/schema\/logo\/image\/"}}]}</script>
<!-- / Yoast SEO plugin. -->

Fernando Ramos Jiménez - CV - GONVEL Abogados y Asesores Tributarios

Fernando Ramos Jiménez Licenciado en Derecho 📧 fernando.ramos@gonvel.net Formación y Experiencia Abogado del Área de Derecho Inmobiliario y Mercantil de la Firma Gonvel Abogados y Asesores Tributarios. Especialidad en Derecho Inmobiliario, Derecho Urbanístico y Derecho Mercantil. Graduado en Derecho por la Universidad de Málaga. MBA Inmobiliario por la escuela de negocios REBS (Real Estate Business [&hellip;]
